{"id":68,"date":"2018-10-02T17:03:52","date_gmt":"2018-10-02T17:03:52","guid":{"rendered":"https:\/\/www.veloclubdelajuine.fr\/?page_id=68"},"modified":"2025-02-20T14:00:28","modified_gmt":"2025-02-20T14:00:28","slug":"membres-du-bureau","status":"publish","type":"page","link":"https:\/\/www.veloclubdelajuine.fr\/index.php\/membres-du-bureau\/","title":{"rendered":"Membres du bureau"},"content":{"rendered":"\n\n\t<!--Card image-->\n\t\t\t\t\t\t\t\t<img  title=\"\" decoding=\"async\" src=\"https:\/\/www.veloclubdelajuine.fr\/wp-content\/uploads\/2018\/10\/avatar-inconnu2.png\"  alt=\"avatar-inconnu2 Membres du bureau\"  itemprop=\"image\"  \/>\n\t<!--\/.Card image-->\n\t<!--Card content-->\n\t\t<!--Title-->\n\t\t<h4>Christine FRATTAGLIA<\/h4>\n\t\t<!--\/.Title-->\t\n\t\t\t<!--Text-->\n\t\t\t\t<p>Pr\u00e9sidente du VCJ.<\/p>\t\t\t\n\t\t\t<!--\/.Text-->\t\n\t\t\t<!--Link--> \n\t\t\t\t\t<!--\/.Link-->\n\t<!--\/.Card content-->\n\t<!--Card image-->\n\t\t\t\t\t\t\t\t<img  title=\"\" decoding=\"async\" src=\"https:\/\/www.veloclubdelajuine.fr\/wp-content\/uploads\/2018\/10\/photoid-1.png\"  alt=\"photoid-1 Membres du bureau\"  itemprop=\"image\"  \/>\n\t<!--\/.Card image-->\n\t<!--Card content-->\n\t\t<!--Title-->\n\t\t<h4>Gilbert SAGOT<\/h4>\n\t\t<!--\/.Title-->\t\n\t\t\t<!--Text-->\n\t\t\t\t<p>Fondateur du VCJ.<\/p>\t\t\t\n\t\t\t<!--\/.Text-->\t\n\t\t\t<!--Link--> \n\t\t\t\t\t<!--\/.Link-->\n\t<!--\/.Card content-->\n\t<!--Card image-->\n\t\t\t\t\t\t\t\t<img  title=\"\" decoding=\"async\" src=\"https:\/\/www.veloclubdelajuine.fr\/wp-content\/uploads\/2025\/02\/IMG-20250119-WA0000-1.jpg\"  alt=\"IMG-20250119-WA0000-1 Membres du bureau\"  itemprop=\"image\"  \/>\n\t<!--\/.Card image-->\n\t<!--Card content-->\n\t\t<!--Title-->\n\t\t<h4>Laurence GORVEL<\/h4>\n\t\t<!--\/.Title-->\t\n\t\t\t<!--Text-->\n\t\t\t\t<p>Secr\u00e9taire du VCJ.<\/p>\t\t\t\n\t\t\t<!--\/.Text-->\t\n\t\t\t<!--Link--> \n\t\t\t\t\t<!--\/.Link-->\n\t<!--\/.Card content-->\n\t<!--Card image-->\n\t\t\t\t\t\t\t\t<img  title=\"\" decoding=\"async\" src=\"https:\/\/www.veloclubdelajuine.fr\/wp-content\/uploads\/2018\/10\/avatar-inconnu2.png\"  alt=\"avatar-inconnu2 Membres du bureau\"  itemprop=\"image\"  \/>\n\t<!--\/.Card image-->\n\t<!--Card content-->\n\t\t<!--Title-->\n\t\t<h4>Daniel BENARD<\/h4>\n\t\t<!--\/.Title-->\t\n\t\t\t<!--Text-->\n\t\t\t\t<p>Charg\u00e9 de la s\u00e9curit\u00e9 du VCJ.<\/p>\t\t\t\n\t\t\t<!--\/.Text-->\t\n\t\t\t<!--Link--> \n\t\t\t\t\t<!--\/.Link-->\n\t<!--\/.Card content-->\n\n","protected":false},"excerpt":{"rendered":"<p>Christine FRATTAGLIA Pr\u00e9sidente du VCJ. Gilbert SAGOT Fondateur du VCJ. Laurence GORVEL Secr\u00e9taire du VCJ. Daniel BENARD Charg\u00e9 de la s\u00e9curit\u00e9 du VCJ.<\/p>\n","protected":false},"author":3,"featured_media":0,"parent":0,"menu_order":0,"comment_status":"closed","ping_status":"closed","template":"template\/template-about.php","meta":{"two_page_speed":[],"footnotes":""},"class_list":["post-68","page","type-page","status-publish","hentry"],"_links":{"self":[{"href":"https:\/\/www.veloclubdelajuine.fr\/index.php\/wp-json\/wp\/v2\/pages\/68","targetHints":{"allow":["GET"]}}],"collection":[{"href":"https:\/\/www.veloclubdelajuine.fr\/index.php\/wp-json\/wp\/v2\/pages"}],"about":[{"href":"https:\/\/www.veloclubdelajuine.fr\/index.php\/wp-json\/wp\/v2\/types\/page"}],"author":[{"embeddable":true,"href":"https:\/\/www.veloclubdelajuine.fr\/index.php\/wp-json\/wp\/v2\/users\/3"}],"replies":[{"embeddable":true,"href":"https:\/\/www.veloclubdelajuine.fr\/index.php\/wp-json\/wp\/v2\/comments?post=68"}],"version-history":[{"count":33,"href":"https:\/\/www.veloclubdelajuine.fr\/index.php\/wp-json\/wp\/v2\/pages\/68\/revisions"}],"predecessor-version":[{"id":3966,"href":"https:\/\/www.veloclubdelajuine.fr\/index.php\/wp-json\/wp\/v2\/pages\/68\/revisions\/3966"}],"wp:attachment":[{"href":"https:\/\/www.veloclubdelajuine.fr\/index.php\/wp-json\/wp\/v2\/media?parent=68"}],"curies":[{"name":"wp","href":"https:\/\/api.w.org\/{rel}","templated":true}]}}

<!--Card image-->
								<img  title="" decoding="async" src="https://www.veloclubdelajuine.fr/wp-content/uploads/2018/10/avatar-inconnu2.png"  alt="avatar-inconnu2 Membres du bureau"  itemprop="image"  />
	<!--/.Card image-->
	<!--Card content-->
		<!--Title-->
		<h4>Christine FRATTAGLIA</h4>
		<!--/.Title-->	
			<!--Text-->
				<p>Présidente du VCJ.</p>			
			<!--/.Text-->	
			<!--Link--> 
					<!--/.Link-->
	<!--/.Card content-->
	<!--Card image-->
								<img  title="" decoding="async" src="https://www.veloclubdelajuine.fr/wp-content/uploads/2018/10/photoid-1.png"  alt="photoid-1 Membres du bureau"  itemprop="image"  />
	<!--/.Card image-->
	<!--Card content-->
		<!--Title-->
		<h4>Gilbert SAGOT</h4>
		<!--/.Title-->	
			<!--Text-->
				<p>Fondateur du VCJ.</p>			
			<!--/.Text-->	
			<!--Link--> 
					<!--/.Link-->
	<!--/.Card content-->
	<!--Card image-->
								<img  title="" decoding="async" src="https://www.veloclubdelajuine.fr/wp-content/uploads/2025/02/IMG-20250119-WA0000-1.jpg"  alt="IMG-20250119-WA0000-1 Membres du bureau"  itemprop="image"  />
	<!--/.Card image-->
	<!--Card content-->
		<!--Title-->
		<h4>Laurence GORVEL</h4>
		<!--/.Title-->	
			<!--Text-->
				<p>Secrétaire du VCJ.</p>			
			<!--/.Text-->	
			<!--Link--> 
					<!--/.Link-->
	<!--/.Card content-->
	<!--Card image-->
								<img  title="" decoding="async" src="https://www.veloclubdelajuine.fr/wp-content/uploads/2018/10/avatar-inconnu2.png"  alt="avatar-inconnu2 Membres du bureau"  itemprop="image"  />
	<!--/.Card image-->
	<!--Card content-->
		<!--Title-->
		<h4>Daniel BENARD</h4>
		<!--/.Title-->	
			<!--Text-->
				<p>Chargé de la sécurité du VCJ.</p>			
			<!--/.Text-->	
			<!--Link--> 
					<!--/.Link-->
	<!--/.Card content-->

<p>Christine FRATTAGLIA Présidente du VCJ. Gilbert SAGOT Fondateur du VCJ. Laurence GORVEL Secrétaire du VCJ. Daniel BENARD Chargé de la sécurité du VCJ.</p>
